 4 + 27*f + b + 5 + 28*f. Calculate m(8).
-5
Let o(h) = -5*h + 95. Let r be o(23). Let f(b) = b**2 + 16*b - 83. Let g be f(r). Let j(m) = m**2 + 4*m + 4. What is j(g)?
1
Let i(c) = -13*c**2 + 2*c + 1. Let o(m) = -m**2 + 33*m - 1. Let n(a) = -7*a + 19. Let h be n(-2). Let t be o(h). Determine i(t).
-14
Let r = 218 - 209. Let o(l) = -17 + 4 + 1 + 3*l + r. Give o(1).
0
Let c(x) = -x**3 + 2*x**2 + 14*x + 11. Let i be c(5). Let s(h) = 4*h**2 - 27*h + 6. Determine s(i).
-12
Let g(l) be the second derivative of 0*l**3 - 1/60*l**5 + 0 + 12*l - 5/2*l**2 - 5/24*l**4. Let q(r) be the first derivative of g(r). What is q(-6)?
-6
Let h = -213 + 267. Let n(b) = 2*b**2 - b**2 - h*b**3 + 26*b**3 + b + 4 + 27*b**3. What is n(3)?
-11
Let o(t) = -272 + 493 - t**2 - 238 + 15*t. Determine o(14).
-3
Suppose -4*t + 2 = -10. Let g(v) = -v**2 + v - 6*v**t + 4*v**2 - 4*v**2. Suppose -6 = -q + 5*f, 0 = -2*q + 5*f - 0*f + 7. Calculate g(q).
-6
Suppose -9 = 2*j - 13. Suppose -j*o = -31 + 11. Suppose -5 + 45 = o*c. Let d(s) = -s**2 + 4*s + 2. What is d(c)?
2
Let o = -202 + 224. Let n(a) = -7 - 3 - 2*a + o + 7 + a. Determine n(10).
9
Let v(x) = -12868 + 3*x**3 + 8*x**2 - 2*x**3 - 17*x + 12870. What is v(-8)?
138
Let c(r) be the third derivative of r**4/12 + r**3/3 - 8*r**2 - 49*r. Let y = -6 + 0. What is c(y)?
-10
Let x(l) = l - 2. Let f be 7*6/63 - 476/(-6). Suppose 0 = -8*s - 16 - f. Let h be (-3)/(-6)*(s - 2). Determine x(h).
-9
Let i(k) = -3536 + 22*k + 10548 - 3466 - 3461 - 2*k**2. What is i(-3)?
1
Suppose 9 + 12 = 3*g. Let s be -76*(-24)/352 - (-4)/(-22). Let t(r) = 4*r + 7 - s*r + 1 - g. What is t(-5)?
6
Let b(w) be the second derivative of -31*w**4/12 + w**3/6 - w**2/2 + 9093*w. Determine b(1).
-31
Let v(j) = -j**2 - 4*j. Suppose -8*f + 6*f + 4 = 0. Suppose 3*r - f = -35. Let u be r + 6 - -1*3. Give v(u).
4
Suppose 2*w - j = -20, -w - 26 = -2*j - 16. Let x(o) be the first derivative of -o**2/2 + 11*o - 2. What is x(w)?
21
Suppose 29*z + 31 = 34*z + p, -2*z + 3*p = -9. Let d(v) be the first derivative of 1/3*v**3 + 2*v + 3*v**2 - z. Determine d(-4).
-6
Let b(a) = 2*a**2 - 4*a - 11. Let y be b(-5). Let m(j) = y*j**3 - 60*j**3 + 3*j**2 - 8*j**2 - j + 5*j**2 + 2. Give m(1).
0
Let h(z) = z**2 - 15*z + 58. Let w be -5 + (-235)/(-45) - 700/(-90). Give h(w).
2
Let h(k) = k**2 + 2*k - 5. Let q be h(-4). Let v(x) = 9*x - q*x + x**2 + 6 + 0*x. Let p(d) = 3*d**2 - 79. Let t be p(-5). Give v(t).
-2
Let b(s) = -s**2 + 4*s + 2. Let k be (-108)/15 + 54/45. Let t be (-1)/((-17)/3 - k). What is b(t)?
-19
Let u(g) = -42*g**2 + 1. Let t(b) = 167*b**2 - 10*b - 33. Let r(p) = t(p) + 4*u(p). Calculate r(-8).
-13
Let t(i) = i**3 + i + 1. Suppose -5*n - 32 = -13*n. Suppose n*x - 3*y + 6*y + 468 = 0, x + 5*y + 134 = 0. Let b = -115 - x. Give t(b).
-1
Let v(j) = 4 + 91*j + 87*j + j**2 - 180*j. Let b(g) = -g - 11. Let i be b(-13). Let p(l) = -3*l**2 + 7*l - 13. Let o(d) = i*p(d) + 7*v(d). Give o(-2).
6
Let l = 68 - 39. Suppose -13 - l = -6*d. Let n(w) = 13*w**2 - 10*w - 22. Let b(r) = 22*r**2 - 19*r - 40. Let t(g) = 3*b(g) - 5*n(g). Determine t(d).
-10
Let n = -5 + 8. Let k(q) be the second derivative of -q**3/2 - 43*q + 37. What is k(n)?
-9
Let h(d) = d**3 - 6*d**2 - 7*d + 5. Let i be h(7). Suppose -4 = -f + 3*l, i*f + 2*l - 4 = 16. Let p(t) = t**3 - t + t**2 - f + t**2 + 3*t**2. What is p(-5)?
1
Let a(u) = u - 18. Suppose s + 6 = 0, 2*q + 39*s - 42*s = 76. Determine a(q).
11
Let q = -3483 + 3501. Let g(v) = -v**3 + 17*v**2 + 17*v + 32. Give g(q).
14
Let k be 0/(286/429*(5 + 4/(-2))). Let t(s) be the third derivative of 0 + k*s + 13*s**2 + 0*s**3 - 1/3*s**4. Determine t(-1).
8
Let u(z) = -3 + 3 - 3 - 3*z + 2*z - 5 + z**3 - 3*z**2. Calculate u(5).
37
Let z = -13 + 23. Let n(v) = -4524*v - 7 + 1523*v - v**2 + 1534*v + 1478*v. What is n(z)?
3
Let o(p) = -p**3 + 6. Let s be o(0). Let z be -6*(-2 - (-8)/s). Let d(w) = -2*w**3 + w - 1146865 + w**3 + 1146867 + 4*w**2. What is d(z)?
6
Let c(l) be the first derivative of l**5/6 - l**3/6 + 4*l**2 + 30*l + 87. Let g(r) be the second derivative of c(r). Suppose 7*q + 5 = 2*q. What is g(q)?
9
Let l = -739 - -741. Let i(n) = l - 3*n**2 - 1 + 2 - 2*n**2 + 632*n**3 + 8*n - 633*n**3. Calculate i(-6).
-9
Let i(y) be the third derivative of -1/120*y**5 + 0*y + 0 + 2*y**2 - 1/3*y**4 + 7/6*y**3. Let b(q) be the first derivative of i(q). What is b(0)?
-8
Let f(q) = 22*q**2 + 7*q - 9. Let k be f(5). Suppose 9*a = 10*a - k. Let m(s) = -576*s - 12*s**2 + a*s. What is m(-1)?
-12
Let a = -444 + 438. Let w be (a/15)/((-3)/30). Let u(x) be the third derivative of x**4/12 - x**3/6 + x**2. What is u(w)?
7
Suppose 0 = 3*o - 4*u - 28, -60*o + 4*u = -64*o. Let x(p) = 0*p - 2*p - 2 + 0. Let q(b) = 2*b + 3. Let s(z) = o*q(z) + 5*x(z). Calculate s(-2).
6
Let j = 241 + -238. Let x(f) = -5*f**3 - 14*f**2 + 7*f**3 - f - 3*f**j - 13*f. Determine x(-13).
13
Let q(j) = -12*j + 210 - 88 - 138. Give q(-6).
56
Let d be 2*1/(-3)*12. Let x(b) be the second derivative of b**5/20 + 2*b**4/3 + b**3/3 + 4*b**2 - 2254*b. Give x(d).
-8
Let y(f) = f**3 - 14*f**2 - 10*f - 17. Suppose -2*p = 3*w - 35, -36 + 16 = -3*w - 5*p. What is y(w)?
58
Let h(j) be the third derivative of 19*j**2 + 0*j - 1/3*j**3 + 1/20*j**5 - 1/120*j**6 + 1/4*j**4 + 1. Calculate h(4).
6
Suppose 26*c + 5 - 1 = 56. Let t(k) = 6*k**2 - 10*k + 7. Calculate t(c).
11
Let b(m) be the first derivative of m**4/4 - 17*m**3/3 - 17*m**2/2 - 16*m - 2089. What is b(18)?
2
Let h = -1935 + 1921. Let x(a) = a**2 + 20*a + 35. What is x(h)?
-49
Let v(g) = -91 + 117 + 1087*g - 1093*g - 73. Determine v(0).
-47
Suppose 15*m - 48 = 42. Let s be 1*m/2*(-2)/(-3). Let d(v) = v**3 + v**2 + v - 1. Let j(k) = -5*k**3 - 3*k**2 - k + 4. Let q(c) = 3*d(c) + j(c). Calculate q(s).
-11
Let a be (3 + (-102)/30)/(4/(-30)). Let d(h) = 2*h - 12. Let u(j) = j - 2. Let b(k) = a*u(k) - d(k). What is b(-13)?
-7
Let w(m) = 11*m - 2. Let f be 1/3 + 8/12. Let d be w(f). Suppose 0 = -d*o + 5 + 4. Let n(q) = -4*q. What is n(o)?
-4
Let t = -28120 - -28153. Let p(b) = -4*b + 111. Give p(t).
-21
Suppose -86*u = 83*u - 154*u - 15. Let b(p) = 3*p**3 - p**2 + 4*p - 4. Determine b(u).
2
Let y be ((-6)/4)/(456/4864). Let i(t) = -t**3 - 16*t**2 + t + 11. Calculate i(y).
-5
Suppose 2*p - 1 - 7 = -4*b, -2*b + 4 = 2*p. Let t(c) = -73 - c**2 + 23 + c + 22 + 27. What is t(b)?
-3
Let i(g) = 33*g**2 - 3 + g**3 - 93 - 11583*g + 11580*g. What is i(-33)?
3
Suppose 7*x - 56 = 35. Suppose 90 = -x*o - 27. Let w(k) = k + 1. Determine w(o).
-8
Let b be 110/16 + (-1)/(-8). Suppose 0 = -u - b*u + 144. Suppose 0 = -4*j - 0 - 8, -j = 4*v - u. Let i(c) = -c**3 + 5*c**2 + c. Calculate i(v).
5
Let a(s) be the third derivative of -1/12*s**4 + 6 + s**2 + 0*s + 1/30*s**5 + 1/3*s**3. Calculate a(-3).
26
Let v(x) be the third derivative of -51*x - 2*x**2 + 1/8*x**4 + 0 - 1/60*x**5 - 1/6*x**3. Let a(n) = -n + 4. Let d be a(0). What is v(d)?
-5
Let n(v) = 21*v - 45. Let b be n(3). Suppose -13*z = b + 99. Let x(c) = c**2 + 6*c + 1. What is x(z)?
28
Let g(r) = -r + 2. Let x be g(-1). Let b(p) = 4*p**3 + 6*p**2 + 6*p + 8. Let k(o) = o**3 + o + 1. Let l(f) = x*k(f) - b(f). Calculate l(-4).
-25
Let g(o) = -3*o + 27. Let a be g(0). Let c = a - -4. Let i(z) = -27 + c - 7*z + z. Calculate i(4).
-20
Let p(k) = 2*k**2 + 18*k - 31. Let y be p(-10). Let h(f) = -276*f**2 - 5 - 8 + 277*f**2 + 10*f. Calculate h(y).
-2
Let k(s) = 2*s**3 - 7*s**2 - 20*s - 4. Suppose -p - 46 + 43 = 0. Let z(x) = x**3 - 3*x + 1. Let j(u) = p*z(u) + k(u). What is j(-5)?
-2
Let q(y) = 3*y**3 + y + 1. Let k be (1 + -3)/((-63)/756). Suppose 35*b = k*b - 22. Determine q(b).
-25
Let n(d) be the first derivative of d**5/20 - 7*d**4/12 + 7*d**3/6 + 58*d + 49. Let k(g) be the first derivative of n(g). Determine k(6).
6
Let f(a) = 3*a - 4. Let d(l) = 16*l + 7. Let k(n) = -d(n) + 3*f(n). Determine k(-8).
37
Let o(s) = -10*s**2 - 2*s + 9. Let f = -2923 + 2929. Let t(j) = 2 + 1 - j - 5*j**2 + 2. Let z(i) = f*o(i) - 11*t(i). Give z(-1).
-5
Let n(a) = -a**3 + 3*a**2 - 6*a - 3. Let j be n(8). Let w = 378 + j. Let g(c) = -c**2 + 5*c + 6. Determine g(w).
-8
Suppose -111*j = -377*j - 266. Let f(b) = 26*b + 9. Calculate f(j).
-17
Suppose 2*h = h + 2. Let q be (h - -1) + 3 - 3. Suppose -4*v + n - 1 = -0*n, 5*v + q*n - 20 = 0. Let w(i) = i - 2. What is w(v)?
-1
Le